{"id":1066,"date":"2025-12-18T21:20:06","date_gmt":"2025-12-18T21:20:06","guid":{"rendered":"https:\/\/sapasac.gob.mx\/?page_id=1066"},"modified":"2026-01-22T16:56:38","modified_gmt":"2026-01-22T16:56:38","slug":"factibilidad-de-servicios-de-agua-y-drenaje-2","status":"publish","type":"page","link":"https:\/\/sapasac.gob.mx\/index.php\/factibilidad-de-servicios-de-agua-y-drenaje-2\/","title":{"rendered":"Factibilidad de Servicios de agua y drenaje"},"content":{"rendered":"<p>[et_pb_section fb_built=\u00bb1&#8243; _builder_version=\u00bb4.27.4&#8243; _module_preset=\u00bbdefault\u00bb background_color=\u00bbrgba(12,113,195,0.2)\u00bb global_colors_info=\u00bb{}\u00bb][et_pb_row _builder_version=\u00bb4.27.4&#8243; _module_preset=\u00bbdefault\u00bb global_colors_info=\u00bb{}\u00bb][et_pb_column type=\u00bb4_4&#8243; _builder_version=\u00bb4.27.4&#8243; _module_preset=\u00bbdefault\u00bb global_colors_info=\u00bb{}\u00bb][et_pb_text _builder_version=\u00bb4.27.4&#8243; _module_preset=\u00bbdefault\u00bb text_font=\u00bbABeeZee||||||||\u00bb text_font_size=\u00bb40px\u00bb header_font=\u00bbAbhaya Libre||||||||\u00bb header_font_size=\u00bb44px\u00bb background_enable_color=\u00bboff\u00bb global_colors_info=\u00bb{}\u00bb]<\/p>\n<h1 style=\"text-align: center;\">Factibilidad de servicios de agua y drenaje\u00a0<\/h1>\n<p>[\/et_pb_text][\/et_pb_column][\/et_pb_row][\/et_pb_section][et_pb_section fb_built=\u00bb1&#8243; _builder_version=\u00bb4.27.4&#8243; _module_preset=\u00bbdefault\u00bb custom_padding=\u00bb||||false|false\u00bb global_colors_info=\u00bb{}\u00bb][et_pb_row column_structure=\u00bb1_4,1_4,1_4,1_4&#8243; _builder_version=\u00bb4.27.4&#8243; _module_preset=\u00bbdefault\u00bb global_colors_info=\u00bb{}\u00bb][et_pb_column type=\u00bb1_4&#8243; _builder_version=\u00bb4.27.4&#8243; _module_preset=\u00bbdefault\u00bb global_colors_info=\u00bb{}\u00bb][et_pb_image src=\u00bbhttps:\/\/sapasac.gob.mx\/wp-content\/uploads\/2025\/04\/SAPASAC_Mesa-de-trabajo-1-scaled.jpg\u00bb title_text=\u00bbSAPASAC_Mesa de trabajo 1&#8243; _builder_version=\u00bb4.27.4&#8243; _module_preset=\u00bbdefault\u00bb width=\u00bb91%\u00bb max_width=\u00bb90%\u00bb global_colors_info=\u00bb{}\u00bb][\/et_pb_image][\/et_pb_column][et_pb_column type=\u00bb1_4&#8243; _builder_version=\u00bb4.27.4&#8243; _module_preset=\u00bbdefault\u00bb global_colors_info=\u00bb{}\u00bb][et_pb_text _builder_version=\u00bb4.27.4&#8243; _module_preset=\u00bbdefault\u00bb text_font=\u00bbABeeZee||||||||\u00bb text_text_color=\u00bb#000000&#8243; text_font_size=\u00bb25px\u00bb global_colors_info=\u00bb{}\u00bb]<\/p>\n<p><strong>Descripcion.<\/strong><\/p>\n<p>[\/et_pb_text][et_pb_text _builder_version=\u00bb4.27.4&#8243; _module_preset=\u00bbdefault\u00bb text_font=\u00bbABeeZee||||||||\u00bb text_text_color=\u00bb#000000&#8243; background_color=\u00bb#FFFFFF\u00bb text_orientation=\u00bbcenter\u00bb custom_margin=\u00bb||-173px|||\u00bb global_colors_info=\u00bb{}\u00bb]<\/p>\n<p><span style=\"color: #000000;\">Estudio y dictamen que realiza el organismo operador donde se determina si un predio es susceptible a que se le otorguen los servicios de agua potable y\/o drenaje<\/span><\/p>\n<p>[\/et_pb_text][\/et_pb_column][et_pb_column type=\u00bb1_4&#8243; _builder_version=\u00bb4.27.4&#8243; _module_preset=\u00bbdefault\u00bb global_colors_info=\u00bb{}\u00bb][et_pb_text _builder_version=\u00bb4.27.4&#8243; _module_preset=\u00bbdefault\u00bb text_font=\u00bbABeeZee||||||||\u00bb text_text_color=\u00bb#000000&#8243; text_font_size=\u00bb25px\u00bb global_colors_info=\u00bb{}\u00bb]<\/p>\n<p><strong>Costo.<\/strong><\/p>\n<p>[\/et_pb_text][et_pb_text _builder_version=\u00bb4.27.4&#8243; _module_preset=\u00bbdefault\u00bb text_text_color=\u00bb#000000&#8243; global_colors_info=\u00bb{}\u00bb]<\/p>\n<p>$ 18 veces el valor diario de la UMA<\/p>\n<p>[\/et_pb_text][\/et_pb_column][et_pb_column type=\u00bb1_4&#8243; _builder_version=\u00bb4.27.4&#8243; _module_preset=\u00bbdefault\u00bb global_colors_info=\u00bb{}\u00bb][et_pb_text _builder_version=\u00bb4.27.4&#8243; _module_preset=\u00bbdefault\u00bb text_font=\u00bbABeeZee||||||||\u00bb text_text_color=\u00bb#000000&#8243; text_font_size=\u00bb25px\u00bb global_colors_info=\u00bb{}\u00bb]<\/p>\n<p><strong>Donde se paga.<\/strong><\/p>\n<p>[\/et_pb_text][et_pb_text _builder_version=\u00bb4.27.4&#8243; _module_preset=\u00bbdefault\u00bb text_font=\u00bbABeeZee||||||||\u00bb text_text_color=\u00bb#000000&#8243; global_colors_info=\u00bb{}\u00bb]<\/p>\n<p>Directamente en area de cajas comercial.<\/p>\n<p>[\/et_pb_text][\/et_pb_column][\/et_pb_row][\/et_pb_section][et_pb_section fb_built=\u00bb1&#8243; _builder_version=\u00bb4.27.4&#8243; _module_preset=\u00bbdefault\u00bb custom_padding=\u00bb||54px|||\u00bb global_colors_info=\u00bb{}\u00bb][et_pb_row column_structure=\u00bb1_2,1_2&#8243; _builder_version=\u00bb4.27.4&#8243; _module_preset=\u00bbdefault\u00bb global_colors_info=\u00bb{}\u00bb][et_pb_column type=\u00bb1_2&#8243; _builder_version=\u00bb4.27.4&#8243; _module_preset=\u00bbdefault\u00bb global_colors_info=\u00bb{}\u00bb][et_pb_toggle title=\u00bbFundamento legal.\u00bb open_toggle_background_color=\u00bb#FFFFFF\u00bb closed_toggle_text_color=\u00bb#FFFFFF\u00bb closed_toggle_background_color=\u00bb#0C71C3&#8243; _builder_version=\u00bb4.27.4&#8243; _module_preset=\u00bbdefault\u00bb body_text_color=\u00bb#000000&#8243; global_colors_info=\u00bb{}\u00bb]<\/p>\n<p>Articulo\u00a0 33, 34, 45, 70, y 76 de la Ley de Agua para el Estado de M\u00e9xico y municupios, art\u00edculo 140, 141, 142, 143, 144, 145 y 146 del Reglamento de la Ley del Agua para el Estado de M\u00e9xico y Municipios<\/p>\n<p>[\/et_pb_toggle][et_pb_toggle title=\u00bbRequisitos de instituciones publicas.\u00bb open_toggle_text_color=\u00bb#000000&#8243; open_toggle_background_color=\u00bb#FFFFFF\u00bb closed_toggle_background_color=\u00bb#0C71C3&#8243; _builder_version=\u00bb4.27.4&#8243; _module_preset=\u00bbdefault\u00bb title_text_color=\u00bb#FFFFFF\u00bb body_text_color=\u00bb#000000&#8243; global_colors_info=\u00bb{}\u00bb]<\/p>\n<ul>\n<li>Oficio de solicitud, dirigida al Titular de \u00e1rea<\/li>\n<li>\u00a0Solicitud debidamente requisitada<\/li>\n<li>Copia certificada deldocumentoqueacredite la propiedad y\/o posesi\u00f3n<\/li>\n<li>Recibo de pago de agua y drenaje vigente<\/li>\n<li>Recibo de pago de impuesto predial vigente\u00a0<\/li>\n<li>Constancia de alineamiento y No oficial<\/li>\n<li>Imagen satelital, se\u00f1alando la ubicaci\u00f3n del predio con coordenadas geograf\u00edcas UTM<\/li>\n<li>Memoria descriptiva del proyecto<\/li>\n<li>Planos arquitect\u00f3nicos del proyecto en 90 x 60 cm<\/li>\n<li>Planos hidr\u00e1ulicos, sanitarios, y pluviales del proyecto<\/li>\n<li>Memoria del c\u00e1lculo hidr\u00e1ulicos, sanitario y pluvial del proyecto\u00a0<\/li>\n<li>Identificaci\u00f3n oficial vigente y con fotograf\u00eda del peticionario y en su caso del representante legal, quien deber\u00e1 acreditar su personalidad las facultades conforme a las disposiciones jur\u00eddicas aplicables<\/li>\n<li>Trat\u00e1ndose de personas jur\u00eddico colectivas deber\u00e1n presentar copia certificada del acta constitutiva y poder notarial del representante legal<\/li>\n<\/ul>\n<p>[\/et_pb_toggle][\/et_pb_column][et_pb_column type=\u00bb1_2&#8243; _builder_version=\u00bb4.27.4&#8243; _module_preset=\u00bbdefault\u00bb global_colors_info=\u00bb{}\u00bb][et_pb_toggle title=\u00bbRequisitos de personas morales.\u00bb closed_toggle_text_color=\u00bb#FFFFFF\u00bb closed_toggle_background_color=\u00bb#0C71C3&#8243; _builder_version=\u00bb4.27.4&#8243; _module_preset=\u00bbdefault\u00bb body_text_align=\u00bbleft\u00bb body_text_color=\u00bb#000000&#8243; hover_enabled=\u00bb0&#8243; global_colors_info=\u00bb{}\u00bb sticky_enabled=\u00bb0&#8243;]<\/p>\n<p>1. OFICIO DE SOLICITUD DIRIGIDA AL TITULAR DEL \u00c1REA<br \/>2.- SOLICITUD DEBIDAMENTE REQUISITADA<br \/>3.- COPIA CERTIFICADA DEL DOCUMENTO QUE ACREDITE LA PROPIEDAD Y\/O POSESI\u00d3N<br \/>4.- RECIBO DE PAGO DE AGUA Y DRENAJE VIGENTE<br \/>5.- RECIBO DE PAGO IMPUESTO PREDIAL VIGENTE<br \/>6.- CONSTANCIA DE ALINEAMIENTO Y N\u00b0 OFICIAL VIGENTE<br \/>7.- IMAGEN SATELITAL, SE\u00d1ALANDO LA UBICACI\u00d3N DEL PREDIO CON COORDENADAS<br \/>GEOGR\u00c1FICAS UTM<br \/>8.- MEMORIA DESCRIPTIVA DEL PROYECTO<br \/>9. PLANOS ARQUITECT\u00d3NICOS DEL PROYECTO EN 90 X 60 CM<br \/>10. PLANOS HIDR\u00c1ULICOS, SANITARIOS Y PLUVIALES DEL PROYECTO EN 90 X 60 CM<br \/>11. MEMORIA DE C\u00c1LCULO HIDR\u00c1ULICO, SANITARIO Y PLUVIAL DEL PROYECTO<br \/>12. IDENTIFICACI\u00d3N OFICIAL VIGENTE Y CON FOTOGR\u00c1FICA DEL PETICIONARIO Y EN SU<br \/>CASO DEL REPRESENTANTE LEGAL.<br \/>13. COPIA CERTIFICADA DEL ACTA CONSTITUTIVA Y PODER NOTARIAL DEL<br \/>REPRESENTANTE LEGAL.<\/p>\n<p>[\/et_pb_toggle][et_pb_toggle title=\u00bbRequisitos de personas fisicas.\u00bb closed_toggle_text_color=\u00bb#FFFFFF\u00bb closed_toggle_background_color=\u00bb#0C71C3&#8243; _builder_version=\u00bb4.27.4&#8243; _module_preset=\u00bbdefault\u00bb body_text_color=\u00bb#000000&#8243; hover_enabled=\u00bb0&#8243; global_colors_info=\u00bb{}\u00bb sticky_enabled=\u00bb0&#8243;]<\/p>\n<p>1. OFICIO DE SOLICITUD DIRIGIDA AL TITULAR DEL \u00c1REA<br \/>2.- SOLICITUD DEBIDAMENTE REQUISITADA<br \/>3.- COPIA CERTIFICADA DEL DOCUMENTO QUE ACREDITE LA PROPIEDAD Y\/O POSESI\u00d3N<br \/>4.- RECIBO DE PAGO DE AGUA Y DRENAJE VIGENTE<br \/>5.- RECIBO DE PAGO IMPUESTO PREDIAL VIGENTE<br \/>6.- CONSTANCIA DE ALINEAMIENTO Y N\u00b0 OFICIAL VIGENTE<br \/>7.- IMAGEN SATELITAL, SE\u00d1ALANDO LA UBICACI\u00d3N DEL PREDIO CON COORDENADAS<br \/>GEOGR\u00c1FICAS UTM<br \/>8.- MEMORIA DESCRIPTIVA DEL PROYECTO<br \/>9. PLANOS ARQUITECT\u00d3NICOS DEL PROYECTO EN 90 X 60 CM<br \/>10. PLANOS HIDR\u00c1ULICOS, SANITARIOS Y PLUVIALES DEL PROYECTO EN 90 X 60 CM<br \/>11. MEMORIA DE C\u00c1LCULO HIDR\u00c1ULICO, SANITARIO Y PLUVIAL DEL PROYECTO<br \/>12. IDENTIFICACI\u00d3N OFICIAL VIGENTE Y CON FOTOGR\u00c1FICA DEL PETICIONARIO Y EN SU<br \/>CASO DEL REPRESENTANTE.<\/p>\n<p>[\/et_pb_toggle][\/et_pb_column][\/et_pb_row][\/et_pb_section][et_pb_section fb_built=\u00bb1&#8243; _builder_version=\u00bb4.27.4&#8243; _module_preset=\u00bbdefault\u00bb global_colors_info=\u00bb{}\u00bb][et_pb_row column_structure=\u00bb1_2,1_2&#8243; _builder_version=\u00bb4.27.4&#8243; _module_preset=\u00bbdefault\u00bb global_colors_info=\u00bb{}\u00bb][et_pb_column type=\u00bb1_2&#8243; _builder_version=\u00bb4.27.4&#8243; _module_preset=\u00bbdefault\u00bb global_colors_info=\u00bb{}\u00bb][et_pb_image src=\u00bbhttps:\/\/sapasac.gob.mx\/wp-content\/uploads\/2025\/12\/qr-code-2025-12-18T153734.694.png\u00bb title_text=\u00bbqr-code &#8211; 2025-12-18T153734.694&#8243; align=\u00bbcenter\u00bb _builder_version=\u00bb4.27.4&#8243; _module_preset=\u00bbdefault\u00bb width=\u00bb59%\u00bb max_width=\u00bb62%\u00bb global_colors_info=\u00bb{}\u00bb][\/et_pb_image][\/et_pb_column][et_pb_column type=\u00bb1_2&#8243; _builder_version=\u00bb4.27.4&#8243; _module_preset=\u00bbdefault\u00bb global_colors_info=\u00bb{}\u00bb][et_pb_button button_url=\u00bbhttps:\/\/sapasac.gob.mx\/wp-content\/uploads\/2025\/12\/FACTIBILIDAD-DE-SERVICIOS-DE-AGUA-Y-DRENAJE.pdf\u00bb url_new_window=\u00bbon\u00bb button_text=\u00bbREMTy\u00bb button_alignment=\u00bbcenter\u00bb _builder_version=\u00bb4.27.4&#8243; _module_preset=\u00bbdefault\u00bb custom_button=\u00bbon\u00bb button_text_size=\u00bb23px\u00bb button_text_color=\u00bb#0C71C3&#8243; custom_margin=\u00bb||0px||false|false\u00bb custom_padding=\u00bb||0px||false|false\u00bb box_shadow_style=\u00bbpreset4&#8243; global_colors_info=\u00bb{}\u00bb][\/et_pb_button][et_pb_divider show_divider=\u00bboff\u00bb _builder_version=\u00bb4.27.4&#8243; _module_preset=\u00bbdefault\u00bb global_colors_info=\u00bb{}\u00bb][\/et_pb_divider][et_pb_button button_url=\u00bbhttps:\/\/sapasac.gob.mx\/wp-content\/uploads\/2026\/01\/FORMATO-DE-TRA\u0301MITES-2026.pdf\u00bb url_new_window=\u00bbon\u00bb button_text=\u00bbDescarga Formato\u00bb button_alignment=\u00bbcenter\u00bb _builder_version=\u00bb4.27.4&#8243; _module_preset=\u00bbdefault\u00bb custom_button=\u00bbon\u00bb button_text_size=\u00bb23px\u00bb button_text_color=\u00bb#0C71C3&#8243; custom_margin=\u00bb||0px||false|false\u00bb custom_padding=\u00bb||0px||false|false\u00bb box_shadow_style=\u00bbpreset4&#8243; global_colors_info=\u00bb{}\u00bb][\/et_pb_button][\/et_pb_column][\/et_pb_row][\/et_pb_section][et_pb_section fb_built=\u00bb1&#8243; _builder_version=\u00bb4.27.4&#8243; _module_preset=\u00bbdefault\u00bb global_colors_info=\u00bb{}\u00bb][et_pb_row column_structure=\u00bb1_2,1_2&#8243; _builder_version=\u00bb4.27.4&#8243; _module_preset=\u00bbdefault\u00bb global_colors_info=\u00bb{}\u00bb][et_pb_column type=\u00bb1_2&#8243; _builder_version=\u00bb4.27.4&#8243; _module_preset=\u00bbdefault\u00bb global_colors_info=\u00bb{}\u00bb][et_pb_text _builder_version=\u00bb4.27.4&#8243; _module_preset=\u00bbdefault\u00bb text_font=\u00bbABeeZee||||||||\u00bb text_text_color=\u00bb#000000&#8243; global_colors_info=\u00bb{}\u00bb]<\/p>\n<h3><strong>Documento a obtener.<\/strong><\/h3>\n<p>Dictamen de factibilidad<\/p>\n<h3><strong>Casos en el que el tr\u00e1mite debe realizarse.<\/strong><\/h3>\n<p>Cuando se trata de un proyecto de obra nueva\u00a0<\/p>\n<h3><strong>Criterios de resoluci\u00f3n de tramite.<\/strong><\/h3>\n<p>Se autoriza una vez cubiertos los requisitos<\/p>\n<p>[\/et_pb_text][\/et_pb_column][et_pb_column type=\u00bb1_2&#8243; _builder_version=\u00bb4.27.4&#8243; _module_preset=\u00bbdefault\u00bb global_colors_info=\u00bb{}\u00bb][et_pb_text _builder_version=\u00bb4.27.4&#8243; _module_preset=\u00bbdefault\u00bb text_font=\u00bbABeeZee||||||||\u00bb text_text_color=\u00bb#000000&#8243; global_colors_info=\u00bb{}\u00bb]<\/p>\n<h3 class=\"tbk__title\" itemprop=\"headline\"><strong><span>Unidad Administrativa Responsable<\/span><\/strong><\/h3>\n<p class=\"kl-title-block clearfix tbk--text- tbk--center text-center tbk-symbol--  tbk-icon-pos--after-title eluid31e84a95 \">Gerencia Comercial<\/p>\n<div class=\"kl-title-block clearfix tbk--text- tbk--center text-center tbk-symbol--  tbk-icon-pos--after-title eluidffd6ea74 \">\n<h3 class=\"tbk__title\" itemprop=\"headline\"><span><strong>Titular de la Dependencia<\/strong><\/span><\/h3>\n<p>Lic. Virginia Nallely Gutierrez Ramirez<\/p>\n<h3><strong><\/strong><\/h3>\n<h3><strong>Domicilio<\/strong><\/h3>\n<\/div>\n<div class=\"kl-title-block clearfix tbk--text- tbk--center text-center tbk-symbol--  tbk-icon-pos--after-title eluidca498fec \">\n<p class=\"tbk__subtitle\" itemprop=\"alternativeHeadline\">Calle Av. Zarzaparrillas Esq. Yutes S\/N, Los H\u00e9roes Coacalco, en Coacalco de Berrioz\u00e1bal C.P. 55712<\/p>\n<p class=\"tbk__subtitle\" itemprop=\"alternativeHeadline\">\n<\/div>\n<div class=\"kl-title-block clearfix tbk--text- tbk--center text-center tbk-symbol--  tbk-icon-pos--after-title eluide929dadf \">\n<h3 class=\"tbk__title\" itemprop=\"headline\"><span><strong>Tel\u00e9fono<\/strong><\/span><span><\/span><\/h3>\n<p class=\"tbk__subtitle\" itemprop=\"alternativeHeadline\">5558793800. EXT. 3020<\/p>\n<h3><strong>\u00a0<\/strong><strong>Correo electr\u00f3nico<\/strong><\/h3>\n<\/div>\n<div class=\"kl-title-block clearfix tbk--text- tbk--center text-center tbk-symbol--  tbk-icon-pos--after-title eluid4677c24c \">\n<p class=\"tbk__subtitle\" itemprop=\"alternativeHeadline\">N\/A<\/p>\n<\/div>\n<p>[\/et_pb_text][\/et_pb_column][\/et_pb_row][\/et_pb_section]<\/p>\n","protected":false},"excerpt":{"rendered":"<p>Factibilidad de servicios de agua y drenaje\u00a0Descripcion.Estudio y dictamen que realiza el organismo operador donde se determina si un predio es susceptible a que se le otorguen los servicios de agua potable y\/o drenajeCosto.$ 18 veces el valor diario de la UMADonde se paga.Directamente en area de cajas comercial.Articulo\u00a0 33, 34, 45, 70, y 76 [&hellip;]<\/p>\n","protected":false},"author":1,"featured_media":0,"parent":0,"menu_order":0,"comment_status":"closed","ping_status":"closed","template":"","meta":{"_et_pb_use_builder":"on","_et_pb_old_content":"","_et_gb_content_width":"","footnotes":""},"class_list":["post-1066","page","type-page","status-publish","hentry"],"_links":{"self":[{"href":"https:\/\/sapasac.gob.mx\/index.php\/wp-json\/wp\/v2\/pages\/1066","targetHints":{"allow":["GET"]}}],"collection":[{"href":"https:\/\/sapasac.gob.mx\/index.php\/wp-json\/wp\/v2\/pages"}],"about":[{"href":"https:\/\/sapasac.gob.mx\/index.php\/wp-json\/wp\/v2\/types\/page"}],"author":[{"embeddable":true,"href":"https:\/\/sapasac.gob.mx\/index.php\/wp-json\/wp\/v2\/users\/1"}],"replies":[{"embeddable":true,"href":"https:\/\/sapasac.gob.mx\/index.php\/wp-json\/wp\/v2\/comments?post=1066"}],"version-history":[{"count":4,"href":"https:\/\/sapasac.gob.mx\/index.php\/wp-json\/wp\/v2\/pages\/1066\/revisions"}],"predecessor-version":[{"id":1104,"href":"https:\/\/sapasac.gob.mx\/index.php\/wp-json\/wp\/v2\/pages\/1066\/revisions\/1104"}],"wp:attachment":[{"href":"https:\/\/sapasac.gob.mx\/index.php\/wp-json\/wp\/v2\/media?parent=1066"}],"curies":[{"name":"wp","href":"https:\/\/api.w.org\/{rel}","templated":true}]}}